be (16/10)/(10/25). Suppose -4*u - 2*t = -56, -f*t = -2*u + u + 14. Is u composite?
True
Suppose 3*v + 3776 = 5*s - 1821, -2*s + 4*v = -2250. Is s a prime number?
True
Let g = 3 + -6. Let m(u) = 17*u**2 + 5*u + 3. Let b be m(g). Suppose 5*z - b = 2*z. Is z prime?
True
Let x = 6 + -3. Let r be 2*(-4)/(-6)*3. Is x*19 + r/2 composite?
False
Let k(t) be the first derivative of -49*t**2 - t + 1. Suppose 0 = 2*l + 1 + 1. Is k(l) a composite number?
False
Let r(j) = -j**3 - 6*j**2 - 2. Let o be r(-6). Let v be o/(-6) + (-2)/6. Suppose -2*h = -v*h - 170. Is h a prime number?
False
Let u = -7 + 6. Let h be (-6)/(-18)*(11 - u). Suppose 372 = -0*i + h*i. Is i composite?
True
Suppose -4*q - 5*c - 17 + 782 = 0, 3*q - 570 = -3*c. Is q a prime number?
False
Let l = 4 - 2. Suppose -2*w + 322 = 4*u, -427 - 40 = -3*w + l*u. Is w composite?
False
Let f be 1 + 0 + (-9)/(-1). Let r(m) = 2*m - 1. Is r(f) a prime number?
True
Suppose 0 = 2*i - 13*i + 44429. Is i a prime number?
False
Let z = 152 + 59. Is z composite?
False
Suppose 4*o - 12 = -0*o. Suppose 0*d = -o*d + 45. Is d composite?
True
Let s(b) = -b + 7. Let j be s(6). Is 5 - -4*j/(-2) prime?
True
Let u(z) = -2*z + 10. Let p be u(6). Is ((-203)/(-21))/(p/(-18)) a composite number?
True
Let d(l) = -l**3 - l**2 + l + 126. Let c be d(0). Let u = c - 49. Is u composite?
True
Suppose j = -j. Suppose j = -2*a - a + y + 488, 176 = a - 3*y. Is a a prime number?
False
Suppose 2*c + 6 = -c. Let k = 0 - c. Suppose -y + 0*b + k*b + 95 = 0, -3*y + b = -275. Is y prime?
False
Is -2 + 0 - (-1159 + 20) a composite number?
True
Let a(z) = -5*z + 2. Let h(u) = 2*u - 1. Let y(p) = 3*a(p) + 7*h(p). Let b be y(-5). Is b*((-123)/(-4) - -1) composite?
False
Suppose q = 4*n - 1752, 0 = -n - n - 5*q + 854. Is n a composite number?
True
Suppose 5*n + g = -g + 14, 2*n + 4 = 4*g. Suppose -5*f - 61 = -3*h + n*h, 4*h - 199 = 5*f. Is h composite?
True
Suppose -5*c = -0*c. Suppose 3*w - 261 = -c*w. Is w composite?
True
Let g(h) = 2*h**3 - 8*h**2 - 4*h + 7. Suppose -2*q + 33 = 3*n - 7*q, -5*q - 15 = 0. Is g(n) prime?
True
Suppose 2*i = -2*i + 508. Is i a prime number?
True
Let z(j) = -j - 2. Let u(p) = p**2 + 9*p + 12. Let y be u(-8). Suppose -4*c - 5*a = 45, -5*c + y*c = -4*a - 15. Is z(c) a composite number?
False
Let z(k) be the second derivative of k**4/4 - k**3/2 - 3*k**2/2 - 3*k. Is z(-3) composite?
True
Let a be (-2)/(-11) - (-282)/22. Let v(g) = g**2 - 8*g - 6. Is v(a) a prime number?
True
Let m = -1758 + 2845. Is m a prime number?
True
Suppose 8 = 8*z - 4*z. Suppose z*q - 33 = 137. Is q prime?
False
Suppose -4*y + 3 = g, -3*g = -8*g - 2*y + 15. Let q(p) = 38*p**2 - 3*p - 2. Is q(g) prime?
True
Suppose u = -4*u + 15. Let z(a) = -u*a - 7*a**2 - a**3 + 0 - 3 - 5*a. Is z(-7) a composite number?
False
Let n(j) = -118*j**3 + j - 1. Let b be n(1). Let k = 353 + b. Is k composite?
True
Let g(w) = -4*w**2 - 6*w. Let p be g(-5). Let c = p - -139. Is c a prime number?
False
Let c(j) = 288*j + 5. Is c(1) prime?
True
Suppose 4*p = -2*p + 2868. Is p prime?
False
Suppose -38*v - 33606 = -44*v. Is v prime?
False
Suppose -2*l - 118 = -3*l - 4*w, 4*w + 370 = 3*l. Let y(t) = -20*t - 4. Let k be y(4). Let b = l + k. Is b prime?
False
Let p(a) = 11*a. Let z(d) = -6*d. Let m(y) = -3*p(y) - 5*z(y). Let k be m(-2). Suppose 2*c = k*c - 8, 0 = n + c - 135. Is n a prime number?
False
Let s(w) = w**2 + 9*w + 12. Is s(-10) prime?
False
Let f = 5 - 3. Suppose o - f*o = 0. Is (o - 14)/(1 + -3) prime?
True
Let m = -1113 - -2936. Is m a composite number?
False
Let d be (-2)/(-1) - (-1 - 2). Suppose 4*i - 19 = 3*i + 2*h, d*i - 67 = -4*h. Is (-116)/(-6) + (-5)/i composite?
False
Let i(m) = m + 11. Let x be i(-11). Suppose 4*f - 42 - 106 = x. Is f prime?
True
Let g be 906/(-22) + 4/22. Let d = g + 63. Suppose -2*t = -276 + d. Is t a composite number?
False
Let p be -17 + 0/(-2) + 2. Let d = p - -21. Is ((-232)/12)/((-2)/d) a prime number?
False
Let z = 0 - 2. Is z*(21/(-2) + 3) a prime number?
False
Let c(d) = 7*d**2 - 30*d + 4. Is c(23) a composite number?
True
Suppose 3*w - 672 = -3*d + 9, -3*w = -5*d + 1103. Is d a composite number?
False
Suppose -4*p - 798 - 818 = -4*g, -5*p = 2*g - 843. Is g composite?
False
Let u(g) = -g**3 + 5*g**2 + 8*g - 6. Let r be u(6). Let f be (-4)/r + 32/12. Is f/3 - 74/(-6) composite?
False
Suppose 0*d - 3*d = -3. Suppose 2 + d = v, 40 = o + v. Is o a composite number?
False
Suppose 0 = 4*a + l - 795, -5*l = -0*a - 2*a + 403. Is a prime?
True
Suppose -4*t + 3 = -13. Let v(n) be the second derivative of 65*n**3/6 - n**2/2 - 3*n. Is v(t) a composite number?
True
Let i = 11 - 7. Let o = 5 + -3. Suppose 0 = i*m + 3*c + c - 492, -o*m - 3*c + 248 = 0. Is m composite?
True
Let z = -453 + 657. Let c = z - 83. Is c prime?
False
Let c(r) = r**3 - 5*r**2 + 5*r. Let j be c(4). Suppose 0 = j*u - u - 321. Suppose -6*a - k + u = -3*a, 4*a + 2*k - 140 = 0. Is a prime?
True
Suppose -4*s - 424 = -4*j, 0 = 3*j - 4*s - 0*s - 322. Let t = 0 - -4. Suppose t*w - 102 = -2*o, 0 = o + o - w - j. Is o prime?
False
Let j be 1 + 27 + -4 + 5. Let g be -7*(54/7)/(-3). Let l = j - g. Is l composite?
False
Let o be 2 + (-1)/1 - -8. Suppose 3*u - 22 = 71. Let p = u - o. Is p prime?
False
Let k(j) = 89*j - 55. Is k(16) a composite number?
True
Let y be 0 - (103 + -2 + -1). Let p = -47 - y. Is p a prime number?
True
Let s(w) be the third derivative of -17*w**4/24 - 11*w**3/6 - 3*w**2. Is s(-6) a composite number?
True
Let a = 6 + -2. Suppose -a*l = 4*t - 2*l + 314, t + 101 = 4*l. Let h = t + 160. Is h composite?
False
Let t be (-2)/(-1 + 9/15). Suppose -4*h = -5*k + 281, 2*h + 3*h + 285 = t*k. Is k a prime number?
True
Is (7915/(-10))/(2/(-4)) prime?
True
Let y(x) = x**3 + 4*x**2 - 3*x - 6. Let l be y(-4). Suppose -i = -0 - l. Is i a prime number?
False
Let u = -596 + 987. Is u composite?
True
Is (-1)/(4/6)*3310/(-15) a prime number?
True
Let u = 6 - 4. Let x be 2/u + -1 + 2. Suppose -67 - 51 = -x*o. Is o prime?
True
Suppose -2*a = 3 + 1. Let u be 3 - (a/2)/(-1). Suppose -u*s + 185 = 3*s. Is s a composite number?
False
Let x(z) = -110*z - 9. Is x(-2) prime?
True
Suppose -4*q - 3*b = -2*q - 174, 0 = 5*q + b - 435. Suppose -2*t + q = -51. Is t a composite number?
True
Let k = 10 + -25. Is 5/(k/6) + 64 prime?
False
Let k = 471 - -298. Is k a composite number?
False
Let o be 6/9 - (-8)/6. Is 0/(-4) + 92 + o a composite number?
True
Is 9462/15 - 2/(-10)*1 a prime number?
True
Let o = 12 - 10. Suppose -o*j + m + 44 = 2*j, 3*j - m = 34. Is j a prime number?
False
Let t = 162 + -71. Is t a prime number?
False
Is 4/12 - 668/(-3) prime?
True
Let h(u) = 7*u. Let z be h(-1). Let n be 30/7 - (-2)/z. Suppose -n*v = -86 + 10. Is v prime?
True
Suppose -h + 0*h - 1 = 0. Is (3647/14)/(h/(-2)) a prime number?
True
Let t(m) = -45*m. Let g be t(6). Let k = g + 505. Is k prime?
False
Suppose -c = -2*c + 145. Is c a prime number?
False
Let m(v) = 84*v - 37. Is m(29) composite?
False
Suppose 4*y - 12 = y. Suppose -v = 4*t - 3*t + y, 4*t + 14 = -3*v. Let p = 12 + v. Is p composite?
True
Suppose -j = -4*j. Suppose 20 = 5*x - j*x. Is 1/x - (-355)/4 prime?
True
Let j = 6 - 18. Is (-30)/4*56/j a prime number?
False
Suppose -3*v - 301 - 125 = -4*p, -5*p + 4*v + 532 = 0. Suppose 142 = s - p. Suppose -s + 15 = -5*t. Is t composite?
False
Let v = -11 - -7. Is (-1)/4 - 621/v a prime number?
False
Let a(r) = -r**2 - 12*r - 10. Let u be 5/10 - (-5)/2. Suppose -o - 5 = -m, 2*m = -2*o - 25 + u. Is a(o) composite?
True
Suppose 0 = 2*t + 533 - 1599. Is t composite?
True
Let b = 2 + -2. Suppose -o + 3*w + 386 = b, 0 = -3*o - w + 1587 - 419. Is o composite?
False
Let k(x) = -152*x + 2. Let y be k(-1). Let t = y - 71. Is t prime?
True
Let l = 119 + -73. Is 1/(((-6)/(-3))/l) prime?
True
Suppose -3*j = -631 + 250. Is j a composite number?
False
Suppose 3*b - k + 14 = -0*k, 3*b + 2*k + 8 = 0. Let t(m) = 5*m**2 + 2*m**3 + 4 + 1 - 3*m**3. Is t(b) prime?
True
Let r(z) = z + 4. Let s be r(-4). Suppose 3*f = 3*y, -3*y - 2*f + 20 = -s*y. Suppose -15 = -x - y. Is x a composite number?
False
Let c = -2285 - -3796. Is c prime?
True
Let r(p) be the second derivative of -p**5/20 + p**4 + 3*p**3/2 - 17*p**2/2 - 4*p. Is r(12) composite?
True
Let l(y) = y - 7. Let i be l(7). Suppose i = -2*v - 69 + 199. Is v a prime number?
F